{"id":306,"date":"2026-05-16T17:48:03","date_gmt":"2026-05-16T17:48:03","guid":{"rendered":"https:\/\/rantatoysa.fi\/?page_id=306"},"modified":"2026-05-16T17:56:29","modified_gmt":"2026-05-16T17:56:29","slug":"ajankohtaista","status":"publish","type":"page","link":"https:\/\/rantatoysa.fi\/?page_id=306","title":{"rendered":"Ajankohtaista"},"content":{"rendered":"\n<p>KOKOUSKUTSU&nbsp;<\/p>\n\n\n\n<p>Rantat\u00f6ys\u00e4n kalastusseura ry:n vuosikokous pidet\u00e4\u00e4n&nbsp;ke 27.5.2026 klo 18. Paikka Uusitie 16, 63410 Rantat\u00f6ys\u00e4 (halli).&nbsp;<\/p>\n\n\n\n<p>Kaikki yhdistyksen j\u00e4senet&nbsp;ovat oikeutettuja osallistumaan kokoukseen.&nbsp;<\/p>\n\n\n\n<p>Kokouskutsu julkaistu\u00a0<a href=\"http:\/\/www.rantatoysa.fi\/\" target=\"_blank\" rel=\"noreferrer noopener\">www.rantatoysa.fi<\/a>\u00a0ja kutsu l\u00e4hetetty viestill\u00e4 niille j\u00e4senille, joiden yhteystiedot on saatu.\u00a0<\/p>\n\n\n\n<p>Yhdistyksen hallituksen puolesta\u00a016.5.2026,\u00a0puheenjohtaja\u00a0Mikko Mursula.\u00a0<\/p>\n\n\n\n<p>Kokouksessa k\u00e4sitell\u00e4\u00e4n seuraavat asiat:&nbsp;<\/p>\n\n\n\n<p>1. kokouksen avaus&nbsp;<\/p>\n\n\n\n<p>2. valitaan kokouksen puheenjohtaja, sihteeri, kaksi p\u00f6yt\u00e4kirjantarkastajaa ja tarvittaessa\u00a0kaksi \u00e4\u00e4ntenlaskijaa\u00a0<\/p>\n\n\n\n<p>3. todetaan kokouksen laillisuus ja p\u00e4\u00e4t\u00f6svaltaisuus&nbsp;<\/p>\n\n\n\n<p>4. hyv\u00e4ksyt\u00e4\u00e4n kokouksen ty\u00f6j\u00e4rjestys&nbsp;<\/p>\n\n\n\n<p>5. esitet\u00e4\u00e4n tilinp\u00e4\u00e4t\u00f6s, vuosikertomus ja toiminnantarkastajien\/tilintarkastajien lausunto&nbsp;<\/p>\n\n\n\n<p>6. p\u00e4\u00e4tet\u00e4\u00e4n tilinp\u00e4\u00e4t\u00f6ksen vahvistamisesta ja vastuuvapauden my\u00f6nt\u00e4misest\u00e4 hallitukselle\u00a0ja muille vastuuvelvollisille\u00a0<\/p>\n\n\n\n<p>7. vahvistetaan toimintasuunnitelma sek\u00e4 tulo- ja menoarvio&nbsp;<\/p>\n\n\n\n<p>8. vahvistetaan liittymis- ja j\u00e4senmaksun suuruus&nbsp;<\/p>\n\n\n\n<p>9. valitaan hallitus&nbsp;s\u00e4\u00e4nt\u00f6jen&nbsp;8 \u00a7:n mukaan&nbsp;<\/p>\n\n\n\n<p>10. valitaan yksi tai kaksi toiminnantarkastajaa ja varatoiminnantarkastajaa taikka yksi tai\u00a0kaksi tilintarkastajaa ja varatilintarkastajaa tarkastamaan kuluvan tilikauden tilej\u00e4\u00a0<\/p>\n\n\n\n<p>11. p\u00e4\u00e4tet\u00e4\u00e4n verkkosivustot ja\/tai viestint\u00e4sovellukset, joilla yhdistyksen kokouskutsu&nbsp;julkaistaan&nbsp;<\/p>\n\n\n\n<p>12. k\u00e4sitell\u00e4\u00e4n muut kokouskutsussa mainitut asiat.&nbsp;<\/p>\n","protected":false},"excerpt":{"rendered":"<p>KOKOUSKUTSU&nbsp; Rantat\u00f6ys\u00e4n kalastusseura ry:n vuosikokous pidet\u00e4\u00e4n&nbsp;ke 27.5.2026 klo 18. Paikka Uusitie 16, 63410 Rantat\u00f6ys\u00e4 (halli).&nbsp; Kaikki yhdistyksen j\u00e4senet&nbsp;ovat oikeutettuja osallistumaan kokoukseen.&nbsp; Kokouskutsu julkaistu\u00a0www.rantatoysa.fi\u00a0ja kutsu l\u00e4hetetty viestill\u00e4 niille j\u00e4senille, joiden yhteystiedot on saatu.\u00a0 Yhdistyksen hallituksen puolesta\u00a016.5.2026,\u00a0puheenjohtaja\u00a0Mikko Mursula.\u00a0 Kokouksessa k\u00e4sitell\u00e4\u00e4n seuraavat asiat:&nbsp; 1. kokouksen avaus&nbsp; 2. valitaan kokouksen puheenjohtaja, sihteeri, kaksi p\u00f6yt\u00e4kirjantarkastajaa ja tarvittaessa\u00a0kaksi \u00e4\u00e4ntenlaskijaa\u00a0 3. todetaan&hellip; <\/p>\n<p class=\"toivo-read-more\"><a href=\"https:\/\/rantatoysa.fi\/?page_id=306\" class=\"more-link\">Lue lis\u00e4\u00e4 <span class=\"screen-reader-text\">Ajankohtaista<\/span><\/a><\/p>\n","protected":false},"author":1,"featured_media":0,"parent":29,"menu_order":0,"comment_status":"closed","ping_status":"closed","template":"","meta":{"footnotes":""},"class_list":{"0":"post-306","1":"page","2":"type-page","3":"status-publish","5":"entry"},"_links":{"self":[{"href":"https:\/\/rantatoysa.fi\/index.php?rest_route=\/wp\/v2\/pages\/306","targetHints":{"allow":["GET"]}}],"collection":[{"href":"https:\/\/rantatoysa.fi\/index.php?rest_route=\/wp\/v2\/pages"}],"about":[{"href":"https:\/\/rantatoysa.fi\/index.php?rest_route=\/wp\/v2\/types\/page"}],"author":[{"embeddable":true,"href":"https:\/\/rantatoysa.fi\/index.php?rest_route=\/wp\/v2\/users\/1"}],"replies":[{"embeddable":true,"href":"https:\/\/rantatoysa.fi\/index.php?rest_route=%2Fwp%2Fv2%2Fcomments&post=306"}],"version-history":[{"count":3,"href":"https:\/\/rantatoysa.fi\/index.php?rest_route=\/wp\/v2\/pages\/306\/revisions"}],"predecessor-version":[{"id":311,"href":"https:\/\/rantatoysa.fi\/index.php?rest_route=\/wp\/v2\/pages\/306\/revisions\/311"}],"up":[{"embeddable":true,"href":"https:\/\/rantatoysa.fi\/index.php?rest_route=\/wp\/v2\/pages\/29"}],"wp:attachment":[{"href":"https:\/\/rantatoysa.fi\/index.php?rest_route=%2Fwp%2Fv2%2Fmedia&parent=306"}],"curies":[{"name":"wp","href":"https:\/\/api.w.org\/{rel}","templated":true}]}}