{"id":72,"date":"2018-07-23T19:54:03","date_gmt":"2018-07-23T19:54:03","guid":{"rendered":"http:\/\/rantatoysa.fi\/?page_id=72"},"modified":"2025-04-21T16:28:07","modified_gmt":"2025-04-21T16:28:07","slug":"yhteystiedot","status":"publish","type":"page","link":"https:\/\/rantatoysa.fi\/?page_id=72","title":{"rendered":"Yhteystiedot"},"content":{"rendered":"<h1 class=\"entry-title\"><!-- .entry-header --><\/h1>\n<div class=\"entry-content\">\n<p><strong>Puheenjohtaja:<\/strong><\/p>\n<p>Jorma Saari, It\u00e4rannantie 329 As 1 , 63410 RANTAT\u00d6YS\u00c4, Gsm: 040-5184175, Email: saari.jorma@gmail.com<\/p>\n<p><strong>Sihteeri:<\/strong><\/p>\n<p>Markku Pienim\u00e4ki, Karhuvuorentie 30, 60510 HYLLYKALLIO, Gsm: 044-3312227, Email: markku.pienimaki@netikka.fi<\/p>\n<p><strong>Hallitus 2025:<\/strong><\/p>\n<p>Jorma Saari, puheenjohtaja<\/p>\n<p>Aulis Volanto, varapuheenjohtaja<\/p>\n<p>Tero Alakurtti<\/p>\n<p>Antti Ala-Prinkkil\u00e4<\/p>\n<p>Kari Pellonp\u00e4\u00e4<\/p>\n<p>Markku Pienim\u00e4ki<\/p>\n<p>Tommi Saari<\/p>\n<\/div>\n","protected":false},"excerpt":{"rendered":"<p>Puheenjohtaja: Jorma Saari, It\u00e4rannantie 329 As 1 , 63410 RANTAT\u00d6YS\u00c4, Gsm: 040-5184175, Email: saari.jorma@gmail.com Sihteeri: Markku Pienim\u00e4ki, Karhuvuorentie 30, 60510 HYLLYKALLIO, Gsm: 044-3312227, Email: markku.pienimaki@netikka.fi Hallitus 2025: Jorma Saari, puheenjohtaja Aulis Volanto, varapuheenjohtaja Tero Alakurtti Antti Ala-Prinkkil\u00e4 Kari Pellonp\u00e4\u00e4 Markku Pienim\u00e4ki Tommi Saari<\/p>\n","protected":false},"author":1,"featured_media":0,"parent":25,"menu_order":0,"comment_status":"closed","ping_status":"closed","template":"","meta":{"footnotes":""},"class_list":{"0":"post-72","1":"page","2":"type-page","3":"status-publish","5":"entry"},"_links":{"self":[{"href":"https:\/\/rantatoysa.fi\/index.php?rest_route=\/wp\/v2\/pages\/72","targetHints":{"allow":["GET"]}}],"collection":[{"href":"https:\/\/rantatoysa.fi\/index.php?rest_route=\/wp\/v2\/pages"}],"about":[{"href":"https:\/\/rantatoysa.fi\/index.php?rest_route=\/wp\/v2\/types\/page"}],"author":[{"embeddable":true,"href":"https:\/\/rantatoysa.fi\/index.php?rest_route=\/wp\/v2\/users\/1"}],"replies":[{"embeddable":true,"href":"https:\/\/rantatoysa.fi\/index.php?rest_route=%2Fwp%2Fv2%2Fcomments&post=72"}],"version-history":[{"count":4,"href":"https:\/\/rantatoysa.fi\/index.php?rest_route=\/wp\/v2\/pages\/72\/revisions"}],"predecessor-version":[{"id":274,"href":"https:\/\/rantatoysa.fi\/index.php?rest_route=\/wp\/v2\/pages\/72\/revisions\/274"}],"up":[{"embeddable":true,"href":"https:\/\/rantatoysa.fi\/index.php?rest_route=\/wp\/v2\/pages\/25"}],"wp:attachment":[{"href":"https:\/\/rantatoysa.fi\/index.php?rest_route=%2Fwp%2Fv2%2Fmedia&parent=72"}],"curies":[{"name":"wp","href":"https:\/\/api.w.org\/{rel}","templated":true}]}}